{"id":577,"date":"2020-12-03T13:54:08","date_gmt":"2020-12-03T12:54:08","guid":{"rendered":"https:\/\/vinschueller.fr\/?page_id=577"},"modified":"2020-12-10T19:04:02","modified_gmt":"2020-12-10T18:04:02","slug":"cremant-rose","status":"publish","type":"page","link":"https:\/\/vinschueller.fr\/index.php\/nos-cremants\/cremant-rose\/","title":{"rendered":"Cr\u00e9mant ros\u00e9"},"content":{"rendered":"<p>[et_pb_section fb_built=\u00a0\u00bb1&Prime; _builder_version=\u00a0\u00bb4.7.4&Prime; hover_enabled=\u00a0\u00bb0&Prime; background_color=\u00a0\u00bb#ffffff\u00a0\u00bb sticky_enabled=\u00a0\u00bb0&Prime; custom_margin=\u00a0\u00bb2px||2px||false|false\u00a0\u00bb custom_padding=\u00a0\u00bb2px||2px||false|false\u00a0\u00bb][et_pb_row _builder_version=\u00a0\u00bb4.7.4&Prime; background_size=\u00a0\u00bbinitial\u00a0\u00bb background_position=\u00a0\u00bbtop_left\u00a0\u00bb background_repeat=\u00a0\u00bbrepeat\u00a0\u00bb hover_enabled=\u00a0\u00bb0&Prime; background_color=\u00a0\u00bb#ffffff\u00a0\u00bb sticky_enabled=\u00a0\u00bb0&Prime; custom_margin=\u00a0\u00bb2px||2px||false|false\u00a0\u00bb custom_padding=\u00a0\u00bb2px||2px||false|false\u00a0\u00bb][et_pb_column type=\u00a0\u00bb4_4&Prime; _builder_version=\u00a0\u00bb3.25&Prime; custom_padding=\u00a0\u00bb|||\u00a0\u00bb custom_padding__hover=\u00a0\u00bb|||\u00a0\u00bb][et_pb_text _builder_version=\u00a0\u00bb4.7.4&Prime; _module_preset=\u00a0\u00bbdefault\u00a0\u00bb hover_enabled=\u00a0\u00bb0&Prime; background_color=\u00a0\u00bb#ffffff\u00a0\u00bb sticky_enabled=\u00a0\u00bb0&Prime; custom_margin=\u00a0\u00bb2px||2px||false|false\u00a0\u00bb custom_padding=\u00a0\u00bb2px||2px||false|false\u00a0\u00bb]<\/p>\n<p style=\"text-align: center;\"><strong><span style=\"font-size: 14pt; color: #000000;\">Cr\u00e9mant ros\u00e9 SCHUELLER : pour faire p\u00e9tiller vos ap\u00e9ritifs ou vos repas<\/span><\/strong><\/p>\n<p>&nbsp;<\/p>\n<p>[\/et_pb_text][\/et_pb_column][\/et_pb_row][et_pb_row column_structure=\u00a0\u00bb1_2,1_2&Prime; _builder_version=\u00a0\u00bb4.7.4&Prime; _module_preset=\u00a0\u00bbdefault\u00a0\u00bb hover_enabled=\u00a0\u00bb0&Prime; background_color=\u00a0\u00bb#ffffff\u00a0\u00bb sticky_enabled=\u00a0\u00bb0&Prime; custom_margin=\u00a0\u00bb2px||2px||false|false\u00a0\u00bb custom_padding=\u00a0\u00bb2px||2px||false|false\u00a0\u00bb][et_pb_column type=\u00a0\u00bb1_2&Prime; _builder_version=\u00a0\u00bb4.7.4&Prime; _module_preset=\u00a0\u00bbdefault\u00a0\u00bb][et_pb_image src=\u00a0\u00bbhttps:\/\/vinschueller.fr\/wp-content\/uploads\/2020\/12\/Etiq-CremantRose-150.jpg\u00a0\u00bb title_text=\u00a0\u00bbEtiq-CremantRose-150&Prime; _builder_version=\u00a0\u00bb4.7.4&Prime; _module_preset=\u00a0\u00bbdefault\u00a0\u00bb hover_enabled=\u00a0\u00bb0&Prime; custom_margin=\u00a0\u00bb2px||2px||false|false\u00a0\u00bb custom_padding=\u00a0\u00bb2px||2px||false|false\u00a0\u00bb sticky_enabled=\u00a0\u00bb0&Prime;][\/et_pb_image][\/et_pb_column][et_pb_column type=\u00a0\u00bb1_2&Prime; _builder_version=\u00a0\u00bb4.7.4&Prime; _module_preset=\u00a0\u00bbdefault\u00a0\u00bb][et_pb_image src=\u00a0\u00bbhttps:\/\/vinschueller.fr\/wp-content\/uploads\/2020\/12\/CremantRose-300-scaled.jpg\u00a0\u00bb title_text=\u00a0\u00bbCremantRose-300&Prime; _builder_version=\u00a0\u00bb4.7.4&Prime; _module_preset=\u00a0\u00bbdefault\u00a0\u00bb hover_enabled=\u00a0\u00bb0&Prime; custom_margin=\u00a0\u00bb2px||2px||false|false\u00a0\u00bb custom_padding=\u00a0\u00bb2px||2px||false|false\u00a0\u00bb sticky_enabled=\u00a0\u00bb0&Prime;][\/et_pb_image][\/et_pb_column][\/et_pb_row][et_pb_row _builder_version=\u00a0\u00bb4.7.4&Prime; _module_preset=\u00a0\u00bbdefault\u00a0\u00bb][et_pb_column _builder_version=\u00a0\u00bb4.7.4&Prime; _module_preset=\u00a0\u00bbdefault\u00a0\u00bb type=\u00a0\u00bb4_4&Prime;][et_pb_text _builder_version=\u00a0\u00bb4.7.4&Prime; background_size=\u00a0\u00bbinitial\u00a0\u00bb background_position=\u00a0\u00bbtop_left\u00a0\u00bb background_repeat=\u00a0\u00bbrepeat\u00a0\u00bb custom_padding=\u00a0\u00bb2px||2px||false|false\u00a0\u00bb custom_margin=\u00a0\u00bb2px||2px||false|false\u00a0\u00bb hover_enabled=\u00a0\u00bb0&Prime; sticky_enabled=\u00a0\u00bb0&Prime;]<\/p>\n<p><span style=\"font-size: 14pt; color: #000000;\"><em><strong>CR\u00c9MANT D\u2019ALSACE<\/strong><\/em><\/span><\/p>\n<p><span style=\"color: #000000;\">Belle robe ros\u00e9e, les bulles sont fines et r\u00e9guli\u00e8res<\/span><br \/><span style=\"color: #000000;\">Ar\u00f4mes de fruits blancs (poires, pommes), avec parfois des notes de fruits secs, de fleurs blanches, de brioche.<\/span><br \/><span style=\"color: #000000;\">A servir entre 5\u00b0et 7\u00b0<\/span><\/p>\n<pre style=\"padding-left: 80px;\"><span style=\"color: #000000;\"><strong><span style=\"font-family: arial, helvetica, sans-serif; font-size: 12pt;\">\nAP\u00c9RITIF RAFFIN\u00c9, IL SE SERT TOUT AU LONG DU REPAS:\n\n<\/span><\/strong><span style=\"font-family: arial, helvetica, sans-serif; font-size: 12pt;\">PRODUITS DE LA MER, <\/span><span style=\"font-family: arial, helvetica, sans-serif; font-size: 12pt;\">\nVIANDES BLANCHES, \nFROMAGES (BRIE, CAMEMBERT)\nDESSERTS PEU SUCR\u00c9S<\/span><\/span><\/pre>\n<p>[\/et_pb_text][\/et_pb_column][\/et_pb_row][\/et_pb_section]<\/p>\n","protected":false},"excerpt":{"rendered":"<p>Cr\u00e9mant ros\u00e9 SCHUELLER : pour faire p\u00e9tiller vos ap\u00e9ritifs ou vos repas &nbsp; CR\u00c9MANT D\u2019ALSACE Belle robe ros\u00e9e, les bulles sont fines et r\u00e9guli\u00e8resAr\u00f4mes de fruits blancs (poires, pommes), avec parfois des notes de fruits secs, de fleurs blanches, de brioche.A servir entre 5\u00b0et 7\u00b0 AP\u00c9RITIF RAFFIN\u00c9, IL SE SERT TOUT AU LONG DU REPAS: [&hellip;]<\/p>\n","protected":false},"author":1,"featured_media":0,"parent":95,"menu_order":0,"comment_status":"closed","ping_status":"closed","template":"","meta":{"_et_pb_use_builder":"on","_et_pb_old_content":"<p>\u00a0<\/p><p><img class=\"alignnone size-large wp-image-509 aligncenter\" src=\"https:\/\/vinschueller.fr\/wp-content\/uploads\/2020\/12\/CremantRose-300-591x1024.jpg\" alt=\"\" width=\"591\" height=\"1024\" \/><\/p><p>\u00a0<\/p><p><em><strong>CR\u00c9MANT D\u2019ALSACE<\/strong><\/em><\/p><p>Belle robe ros\u00e9e, les bulles sont fines et r\u00e9guli\u00e8res<br \/>Ar\u00f4mes de fruits blancs (poires, pommes), avec parfois des notes de fruits secs, de fleurs blanches, de brioche.<br \/>A servir entre 5\u00b0et 7\u00b0<\/p><pre><strong>\r\nAP\u00c9RITIF RAFFIN\u00c9, IL SE SERT TOUT AU LONG DU REPAS:\r\n\r\nPRODUITS DE LA MER, <\/strong>\r\n<strong>VIANDES BLANCHES, <\/strong>\r\n<strong>FROMAGES (BRIE, CAMEMBERT)\r\nDESSERTS PEU SUCR\u00c9S<\/strong><\/pre>","_et_gb_content_width":"","_monsterinsights_skip_tracking":false,"_monsterinsights_sitenote_active":false,"_monsterinsights_sitenote_note":"","_monsterinsights_sitenote_category":0,"footnotes":""},"class_list":["post-577","page","type-page","status-publish","hentry"],"aioseo_notices":[],"_links":{"self":[{"href":"https:\/\/vinschueller.fr\/index.php\/wp-json\/wp\/v2\/pages\/577","targetHints":{"allow":["GET"]}}],"collection":[{"href":"https:\/\/vinschueller.fr\/index.php\/wp-json\/wp\/v2\/pages"}],"about":[{"href":"https:\/\/vinschueller.fr\/index.php\/wp-json\/wp\/v2\/types\/page"}],"author":[{"embeddable":true,"href":"https:\/\/vinschueller.fr\/index.php\/wp-json\/wp\/v2\/users\/1"}],"replies":[{"embeddable":true,"href":"https:\/\/vinschueller.fr\/index.php\/wp-json\/wp\/v2\/comments?post=577"}],"version-history":[{"count":8,"href":"https:\/\/vinschueller.fr\/index.php\/wp-json\/wp\/v2\/pages\/577\/revisions"}],"predecessor-version":[{"id":1347,"href":"https:\/\/vinschueller.fr\/index.php\/wp-json\/wp\/v2\/pages\/577\/revisions\/1347"}],"up":[{"embeddable":true,"href":"https:\/\/vinschueller.fr\/index.php\/wp-json\/wp\/v2\/pages\/95"}],"wp:attachment":[{"href":"https:\/\/vinschueller.fr\/index.php\/wp-json\/wp\/v2\/media?parent=577"}],"curies":[{"name":"wp","href":"https:\/\/api.w.org\/{rel}","templated":true}]}}