{"id":264,"date":"2020-12-01T13:00:45","date_gmt":"2020-12-01T12:00:45","guid":{"rendered":"http:\/\/vinschueller.fr\/?page_id=264"},"modified":"2023-10-31T16:16:14","modified_gmt":"2023-10-31T15:16:14","slug":"riesling","status":"publish","type":"page","link":"https:\/\/vinschueller.fr\/index.php\/nos-vins-blancs\/riesling\/","title":{"rendered":"Riesling"},"content":{"rendered":"<p>[et_pb_section fb_built=\u00a0\u00bb1&Prime; admin_label=\u00a0\u00bbsection\u00a0\u00bb _builder_version=\u00a0\u00bb4.16&Prime; background_color=\u00a0\u00bb#ffffff\u00a0\u00bb border_color_all=\u00a0\u00bb#ffffff\u00a0\u00bb border_style_all=\u00a0\u00bbnone\u00a0\u00bb global_colors_info=\u00a0\u00bb{}\u00a0\u00bb][et_pb_row _builder_version=\u00a0\u00bb4.16&Prime; _module_preset=\u00a0\u00bbdefault\u00a0\u00bb background_color=\u00a0\u00bb#ffffff\u00a0\u00bb custom_margin=\u00a0\u00bb2px||1px||false|false\u00a0\u00bb custom_padding=\u00a0\u00bb2px||1px||false|false\u00a0\u00bb global_colors_info=\u00a0\u00bb{}\u00a0\u00bb][et_pb_column type=\u00a0\u00bb4_4&Prime; _builder_version=\u00a0\u00bb4.16&Prime; _module_preset=\u00a0\u00bbdefault\u00a0\u00bb global_colors_info=\u00a0\u00bb{}\u00a0\u00bb][et_pb_text _builder_version=\u00a0\u00bb4.23&Prime; _module_preset=\u00a0\u00bbdefault\u00a0\u00bb text_text_color=\u00a0\u00bb#000000&Prime; background_color=\u00a0\u00bb#ffffff\u00a0\u00bb min_height=\u00a0\u00bb197px\u00a0\u00bb custom_margin=\u00a0\u00bb2px||1px||false|false\u00a0\u00bb custom_padding=\u00a0\u00bb2px||1px||false|false\u00a0\u00bb border_color_all=\u00a0\u00bb#ffffff\u00a0\u00bb border_style_all=\u00a0\u00bbnone\u00a0\u00bb inline_fonts=\u00a0\u00bbArial\u00a0\u00bb global_colors_info=\u00a0\u00bb{}\u00a0\u00bb]<\/p>\n<ul>\n<li style=\"list-style-type: none; text-align: center;\"><span style=\"color: #000000; font-size: 14pt;\"><span style=\"color: #000000; font-size: 14pt;\"><span style=\"font-family: Arial;\">Les<\/span> <strong style=\"font-family: arial, helvetica, sans-serif; text-align: center;\">Rieslings SCHUELLER<\/strong><span style=\"font-family: arial, helvetica, sans-serif; text-align: center;\"> sont d\u00e9clin\u00e9s pour tous les go\u00fbts :<\/span><\/span><\/span><\/li>\n<\/ul>\n<p style=\"text-align: left; padding-left: 280px;\"><strong><span style=\"color: #000000; font-family: arial, helvetica, sans-serif; font-size: 12pt;\">Riesling classique en 100cl <\/span><\/strong><br \/><strong><span style=\"color: #000000; font-family: arial, helvetica, sans-serif; font-size: 12pt;\">Riesling Sec en 75cl (sec, fruit\u00e9 sur une note citronn\u00e9e) <\/span><\/strong><br \/><strong><span style=\"color: #000000; font-family: arial, helvetica, sans-serif; font-size: 12pt;\">Riesling Vieilles Vignes Cuv\u00e9e Lilou en 75cl (accentue le fruit et la rondeur)<\/span><\/strong><\/p>\n<p style=\"text-align: left; padding-left: 280px;\"><strong><span style=\"color: #000000; font-family: arial, helvetica, sans-serif; font-size: 12pt;\">Riesling Grand Cru Pfersigberg en 75cl (sec, min\u00e9ral, belle longueur en bouche)<\/span><\/strong><br \/><strong><span style=\"color: #000000; font-family: arial, helvetica, sans-serif; font-size: 12pt;\"><span style=\"color: #000000;\">Riesling Le Nectar de Lilou en 75cl (notes ananas, tr\u00e8s confit, avec du caract\u00e8re)<\/span><\/span><\/strong><\/p>\n<p>&nbsp;<\/p>\n<p>[\/et_pb_text][\/et_pb_column][\/et_pb_row][et_pb_row column_structure=\u00a0\u00bb1_4,1_4,1_4,1_4&Prime; _builder_version=\u00a0\u00bb4.16&Prime; _module_preset=\u00a0\u00bbdefault\u00a0\u00bb custom_margin=\u00a0\u00bb2px||2px||false|false\u00a0\u00bb custom_padding=\u00a0\u00bb1px||1px||false|false\u00a0\u00bb global_colors_info=\u00a0\u00bb{}\u00a0\u00bb][et_pb_column type=\u00a0\u00bb1_4&Prime; _builder_version=\u00a0\u00bb4.16&Prime; _module_preset=\u00a0\u00bbdefault\u00a0\u00bb global_colors_info=\u00a0\u00bb{}\u00a0\u00bb][et_pb_image src=\u00a0\u00bbhttps:\/\/vinschueller.fr\/wp-content\/uploads\/2020\/12\/Etiq-Riesling-150-1.jpg\u00a0\u00bb title_text=\u00a0\u00bbEtiq-Riesling-150&Prime; _builder_version=\u00a0\u00bb4.16&Prime; _module_preset=\u00a0\u00bbdefault\u00a0\u00bb custom_margin=\u00a0\u00bb2px||1px||false|false\u00a0\u00bb custom_padding=\u00a0\u00bb2px||1px||false|false\u00a0\u00bb global_colors_info=\u00a0\u00bb{}\u00a0\u00bb][\/et_pb_image][\/et_pb_column][et_pb_column type=\u00a0\u00bb1_4&Prime; _builder_version=\u00a0\u00bb4.16&Prime; _module_preset=\u00a0\u00bbdefault\u00a0\u00bb global_colors_info=\u00a0\u00bb{}\u00a0\u00bb][et_pb_image src=\u00a0\u00bbhttps:\/\/vinschueller.fr\/wp-content\/uploads\/2020\/12\/Etiq-Riesling-3-150.jpg\u00a0\u00bb title_text=\u00a0\u00bbEtiq-Riesling-3-150&Prime; _builder_version=\u00a0\u00bb4.16&Prime; _module_preset=\u00a0\u00bbdefault\u00a0\u00bb custom_margin=\u00a0\u00bb2px||1px||false|false\u00a0\u00bb custom_padding=\u00a0\u00bb2px||1px||false|false\u00a0\u00bb global_colors_info=\u00a0\u00bb{}\u00a0\u00bb][\/et_pb_image][\/et_pb_column][et_pb_column type=\u00a0\u00bb1_4&Prime; _builder_version=\u00a0\u00bb4.16&Prime; _module_preset=\u00a0\u00bbdefault\u00a0\u00bb global_colors_info=\u00a0\u00bb{}\u00a0\u00bb][et_pb_image src=\u00a0\u00bbhttps:\/\/vinschueller.fr\/wp-content\/uploads\/2020\/12\/Etiq-Riesling-150.jpg\u00a0\u00bb title_text=\u00a0\u00bbEtiq-Riesling-150&Prime; _builder_version=\u00a0\u00bb4.16&Prime; _module_preset=\u00a0\u00bbdefault\u00a0\u00bb global_colors_info=\u00a0\u00bb{}\u00a0\u00bb][\/et_pb_image][\/et_pb_column][et_pb_column type=\u00a0\u00bb1_4&Prime; _builder_version=\u00a0\u00bb4.16&Prime; _module_preset=\u00a0\u00bbdefault\u00a0\u00bb global_colors_info=\u00a0\u00bb{}\u00a0\u00bb][et_pb_image src=\u00a0\u00bbhttps:\/\/vinschueller.fr\/wp-content\/uploads\/2020\/12\/Etiq-Riesling-3-150.jpg\u00a0\u00bb title_text=\u00a0\u00bbEtiq-Riesling-3-150&Prime; _builder_version=\u00a0\u00bb4.16&Prime; _module_preset=\u00a0\u00bbdefault\u00a0\u00bb custom_margin=\u00a0\u00bb2px||1px||false|false\u00a0\u00bb custom_padding=\u00a0\u00bb2px||1px||false|false\u00a0\u00bb global_colors_info=\u00a0\u00bb{}\u00a0\u00bb][\/et_pb_image][\/et_pb_column][\/et_pb_row][et_pb_row use_custom_gutter=\u00a0\u00bbon\u00a0\u00bb gutter_width=\u00a0\u00bb2&Prime; make_equal=\u00a0\u00bbon\u00a0\u00bb admin_label=\u00a0\u00bbrow\u00a0\u00bb _builder_version=\u00a0\u00bb4.16&Prime; background_color=\u00a0\u00bb#ffffff\u00a0\u00bb background_size=\u00a0\u00bbinitial\u00a0\u00bb background_position=\u00a0\u00bbtop_left\u00a0\u00bb background_repeat=\u00a0\u00bbrepeat\u00a0\u00bb custom_margin=\u00a0\u00bb2px||2px||false|false\u00a0\u00bb custom_padding=\u00a0\u00bb1px||1px||false|false\u00a0\u00bb border_color_all=\u00a0\u00bb#ffffff\u00a0\u00bb border_style_all=\u00a0\u00bbnone\u00a0\u00bb global_colors_info=\u00a0\u00bb{}\u00a0\u00bb][et_pb_column type=\u00a0\u00bb4_4&Prime; _builder_version=\u00a0\u00bb4.16&Prime; custom_padding=\u00a0\u00bb|||\u00a0\u00bb global_colors_info=\u00a0\u00bb{}\u00a0\u00bb custom_padding__hover=\u00a0\u00bb|||\u00a0\u00bb][et_pb_slider show_pagination=\u00a0\u00bboff\u00a0\u00bb arrows_custom_color=\u00a0\u00bb#000000&Prime; _builder_version=\u00a0\u00bb4.16&Prime; _module_preset=\u00a0\u00bbdefault\u00a0\u00bb background_color=\u00a0\u00bb#ffffff\u00a0\u00bb custom_margin=\u00a0\u00bb2px||2px||false|false\u00a0\u00bb custom_padding=\u00a0\u00bb1px||1px||false|false\u00a0\u00bb auto=\u00a0\u00bbon\u00a0\u00bb auto_speed=\u00a0\u00bb5000&Prime; border_color_all=\u00a0\u00bb#ffffff\u00a0\u00bb border_color_all_image=\u00a0\u00bb#ffffff\u00a0\u00bb global_colors_info=\u00a0\u00bb{}\u00a0\u00bb][et_pb_slide _builder_version=\u00a0\u00bb4.16&Prime; _module_preset=\u00a0\u00bbdefault\u00a0\u00bb global_colors_info=\u00a0\u00bb{}\u00a0\u00bb sticky_transition=\u00a0\u00bbon\u00a0\u00bb]<\/p>\n<p><img loading=\"lazy\" decoding=\"async\" class=\"alignnone wp-image-529\" src=\"https:\/\/vinschueller.fr\/wp-content\/uploads\/2020\/12\/RieslingVV2017-300-590x1024.jpg\" alt=\"\" width=\"461\" height=\"800\" srcset=\"https:\/\/vinschueller.fr\/wp-content\/uploads\/2020\/12\/RieslingVV2017-300-590x1024.jpg 590w, https:\/\/vinschueller.fr\/wp-content\/uploads\/2020\/12\/RieslingVV2017-300-173x300.jpg 173w, https:\/\/vinschueller.fr\/wp-content\/uploads\/2020\/12\/RieslingVV2017-300-768x1334.jpg 768w, https:\/\/vinschueller.fr\/wp-content\/uploads\/2020\/12\/RieslingVV2017-300-885x1536.jpg 885w, https:\/\/vinschueller.fr\/wp-content\/uploads\/2020\/12\/RieslingVV2017-300-1179x2048.jpg 1179w, https:\/\/vinschueller.fr\/wp-content\/uploads\/2020\/12\/RieslingVV2017-300-1200x2084.jpg 1200w, https:\/\/vinschueller.fr\/wp-content\/uploads\/2020\/12\/RieslingVV2017-300-scaled.jpg 1474w\" sizes=\"(max-width: 461px) 100vw, 461px\" \/><\/p>\n<p>[\/et_pb_slide][et_pb_slide _builder_version=\u00a0\u00bb4.16&Prime; _module_preset=\u00a0\u00bbdefault\u00a0\u00bb global_colors_info=\u00a0\u00bb{}\u00a0\u00bb sticky_transition=\u00a0\u00bbon\u00a0\u00bb]<\/p>\n<p><img loading=\"lazy\" decoding=\"async\" class=\"alignnone wp-image-528\" src=\"https:\/\/vinschueller.fr\/wp-content\/uploads\/2020\/12\/RieslingStein2015-300-586x1024.jpg\" alt=\"\" width=\"458\" height=\"800\" \/><\/p>\n<p>[\/et_pb_slide][et_pb_slide _builder_version=\u00a0\u00bb4.16&Prime; _module_preset=\u00a0\u00bbdefault\u00a0\u00bb global_colors_info=\u00a0\u00bb{}\u00a0\u00bb sticky_transition=\u00a0\u00bbon\u00a0\u00bb]<\/p>\n<p><img loading=\"lazy\" decoding=\"async\" class=\"alignnone wp-image-526\" src=\"https:\/\/vinschueller.fr\/wp-content\/uploads\/2020\/12\/Riesling2018-300-1-593x1024.jpg\" alt=\"\" width=\"463\" height=\"800\" srcset=\"https:\/\/vinschueller.fr\/wp-content\/uploads\/2020\/12\/Riesling2018-300-1-593x1024.jpg 593w, https:\/\/vinschueller.fr\/wp-content\/uploads\/2020\/12\/Riesling2018-300-1-174x300.jpg 174w, https:\/\/vinschueller.fr\/wp-content\/uploads\/2020\/12\/Riesling2018-300-1-768x1325.jpg 768w, https:\/\/vinschueller.fr\/wp-content\/uploads\/2020\/12\/Riesling2018-300-1-890x1536.jpg 890w, https:\/\/vinschueller.fr\/wp-content\/uploads\/2020\/12\/Riesling2018-300-1-1187x2048.jpg 1187w, https:\/\/vinschueller.fr\/wp-content\/uploads\/2020\/12\/Riesling2018-300-1-1200x2071.jpg 1200w, https:\/\/vinschueller.fr\/wp-content\/uploads\/2020\/12\/Riesling2018-300-1-scaled.jpg 1483w\" sizes=\"(max-width: 463px) 100vw, 463px\" \/><\/p>\n<p>[\/et_pb_slide][et_pb_slide _builder_version=\u00a0\u00bb4.16&Prime; _module_preset=\u00a0\u00bbdefault\u00a0\u00bb global_colors_info=\u00a0\u00bb{}\u00a0\u00bb sticky_transition=\u00a0\u00bbon\u00a0\u00bb]<\/p>\n<p><img loading=\"lazy\" decoding=\"async\" class=\"alignnone wp-image-503\" src=\"https:\/\/vinschueller.fr\/wp-content\/uploads\/2020\/12\/Riesling2018-300-593x1024.jpg\" alt=\"\" width=\"463\" height=\"800\" srcset=\"https:\/\/vinschueller.fr\/wp-content\/uploads\/2020\/12\/Riesling2018-300-593x1024.jpg 593w, https:\/\/vinschueller.fr\/wp-content\/uploads\/2020\/12\/Riesling2018-300-174x300.jpg 174w, https:\/\/vinschueller.fr\/wp-content\/uploads\/2020\/12\/Riesling2018-300-768x1325.jpg 768w, https:\/\/vinschueller.fr\/wp-content\/uploads\/2020\/12\/Riesling2018-300-890x1536.jpg 890w, https:\/\/vinschueller.fr\/wp-content\/uploads\/2020\/12\/Riesling2018-300-1187x2048.jpg 1187w, https:\/\/vinschueller.fr\/wp-content\/uploads\/2020\/12\/Riesling2018-300-1200x2071.jpg 1200w, https:\/\/vinschueller.fr\/wp-content\/uploads\/2020\/12\/Riesling2018-300-scaled.jpg 1483w\" sizes=\"(max-width: 463px) 100vw, 463px\" \/><\/p>\n<p>[\/et_pb_slide][\/et_pb_slider][\/et_pb_column][\/et_pb_row][et_pb_row use_custom_gutter=\u00a0\u00bbon\u00a0\u00bb gutter_width=\u00a0\u00bb2&Prime; make_equal=\u00a0\u00bbon\u00a0\u00bb _builder_version=\u00a0\u00bb4.16&Prime; _module_preset=\u00a0\u00bbdefault\u00a0\u00bb background_color=\u00a0\u00bb#ffffff\u00a0\u00bb custom_margin=\u00a0\u00bb2px||2px||false|false\u00a0\u00bb custom_padding=\u00a0\u00bb1px||1px||false|false\u00a0\u00bb border_color_all=\u00a0\u00bb#ffffff\u00a0\u00bb border_style_all=\u00a0\u00bbnone\u00a0\u00bb global_colors_info=\u00a0\u00bb{}\u00a0\u00bb][et_pb_column type=\u00a0\u00bb4_4&Prime; _builder_version=\u00a0\u00bb4.16&Prime; _module_preset=\u00a0\u00bbdefault\u00a0\u00bb background_color=\u00a0\u00bb#ffffff\u00a0\u00bb global_colors_info=\u00a0\u00bb{}\u00a0\u00bb][et_pb_text _builder_version=\u00a0\u00bb4.16&Prime; _module_preset=\u00a0\u00bbdefault\u00a0\u00bb background_color=\u00a0\u00bb#ffffff\u00a0\u00bb custom_margin=\u00a0\u00bb2px||2px||false|false\u00a0\u00bb custom_padding=\u00a0\u00bb1px||1px||false|false\u00a0\u00bb global_colors_info=\u00a0\u00bb{}\u00a0\u00bb]<\/p>\n<ul>\n<li style=\"list-style-type: none;\">\n<ul>\n<li style=\"list-style-type: none;\">\n<ul>\n<li style=\"list-style-type: none;\"><span style=\"color: #000000; font-family: arial, helvetica, sans-serif; font-size: 14pt;\"><strong>LE RIESLING D&rsquo;ALSACE<\/strong> <\/span><\/li>\n<li style=\"list-style-type: none;\"><span style=\"color: #000000; font-family: arial, helvetica, sans-serif; font-size: 14pt;\">Robe jaune p\u00e2le, reflets verts et brillants <\/span><\/li>\n<li style=\"list-style-type: none;\"><span style=\"color: #000000; font-family: arial, helvetica, sans-serif; font-size: 14pt;\">Ar\u00f4mes de citron, pamplemousse, r\u00e9glisse, acacia, tilleul, avec des notes min\u00e9rales, <\/span><span style=\"color: #000000; font-family: arial, helvetica, sans-serif; font-size: 14pt;\">de pierre \u00e0 fusil, voire p\u00e9trol\u00e9es <\/span><\/li>\n<li style=\"list-style-type: none;\"><span style=\"color: #000000; font-family: arial, helvetica, sans-serif; font-size: 14pt;\">S<\/span><span style=\"color: #000000; font-family: arial, helvetica, sans-serif; font-size: 14pt;\"><span style=\"color: #000000; font-family: arial, helvetica, sans-serif; font-size: 14pt;\">tructure serr\u00e9e, finale longue<\/span><\/span>\n<ul>\n<li style=\"list-style-type: none;\">\n<ul>\n<li style=\"list-style-type: none;\"><strong style=\"font-size: 14pt;\"><br \/><span style=\"color: #000000;\"><em>UN VIN POUR LA GASTRONOMIE :<\/em><\/span><\/strong>\n<pre><span style=\"font-size: 12pt; font-family: arial, helvetica, sans-serif; color: #000000;\">POISSONS, CRUSTAC\u00c9S<\/span>\n<span style=\"font-size: 12pt; font-family: arial, helvetica, sans-serif; color: #000000;\">VIANDES BLANCHES, VOLAILLES,<\/span>\n<span style=\"font-size: 12pt; font-family: arial, helvetica, sans-serif; color: #000000;\">FROMAGES<\/span><\/pre>\n<\/li>\n<\/ul>\n<\/li>\n<\/ul>\n<\/li>\n<\/ul>\n<\/li>\n<\/ul>\n<\/li>\n<\/ul>\n<p>[\/et_pb_text][\/et_pb_column][\/et_pb_row][\/et_pb_section]<\/p>\n","protected":false},"excerpt":{"rendered":"<p>Les Rieslings SCHUELLER sont d\u00e9clin\u00e9s pour tous les go\u00fbts : Riesling classique en 100cl Riesling Sec en 75cl (sec, fruit\u00e9 sur une note citronn\u00e9e) Riesling Vieilles Vignes Cuv\u00e9e Lilou en 75cl (accentue le fruit et la rondeur) Riesling Grand Cru Pfersigberg en 75cl (sec, min\u00e9ral, belle longueur en bouche)Riesling Le Nectar de Lilou en 75cl [&hellip;]<\/p>\n","protected":false},"author":1,"featured_media":0,"parent":91,"menu_order":0,"comment_status":"closed","ping_status":"closed","template":"","meta":{"_et_pb_use_builder":"on","_et_pb_old_content":"<!-- wp:paragraph -->\r\n<p><img class=\"size-medium wp-image-362 aligncenter\" src=\"http:\/\/vinschueller.fr\/wp-content\/uploads\/2020\/12\/Etiq-Riesling-3-150-300x221.jpg\" alt=\"\" width=\"300\" height=\"221\" \/><img class=\"size-medium wp-image-363 aligncenter\" src=\"http:\/\/vinschueller.fr\/wp-content\/uploads\/2020\/12\/Etiq-Riesling-150-300x224.jpg\" alt=\"\" width=\"300\" height=\"224\" \/><\/p>\r\n<p style=\"text-align: center;\">\u00a0<\/p>\r\n<pre style=\"text-align: center;\"><span style=\"font-size: 14pt; font-family: arial, helvetica, sans-serif; color: #000000;\">Les Rieslings SCHUELLER sont d\u00e9clin\u00e9s pour tous les go\u00fbts :<\/span><\/pre>\r\n<ul>\r\n<li style=\"list-style-type: none;\">\r\n<ul>\r\n<li style=\"list-style-type: none;\">\r\n<ul>\r\n<li style=\"list-style-type: none;\">\r\n<ul>\r\n<li style=\"list-style-type: none;\">\r\n<ul>\r\n<li style=\"list-style-type: none;\">\r\n<ul>\r\n<li style=\"list-style-type: none;\">\r\n<ul>\r\n<li style=\"list-style-type: none;\">\r\n<ul>\r\n<li style=\"list-style-type: none;\">\r\n<ul>\r\n<li style=\"list-style-type: none;\">\r\n<ul style=\"text-align: center;\">\r\n<li style=\"text-align: left;\">\r\n<pre><span style=\"font-family: arial, helvetica, sans-serif; font-size: 14pt; color: #000000;\">Riesling Sec en 75cl<\/span><\/pre>\r\n<\/li>\r\n<li style=\"text-align: left;\">\r\n<pre><span style=\"font-family: arial, helvetica, sans-serif; font-size: 14pt; color: #000000;\">Riesling Vielles Vignes en 75cl<\/span><\/pre>\r\n<\/li>\r\n<li style=\"text-align: left;\">\r\n<pre><span style=\"font-family: arial, helvetica, sans-serif; font-size: 14pt; color: #000000;\">Riesling Lieudit Steinacker 2015 en 75c<\/span><\/pre>\r\n<\/li>\r\n<\/ul>\r\n<\/li>\r\n<\/ul>\r\n<\/li>\r\n<\/ul>\r\n<\/li>\r\n<\/ul>\r\n<\/li>\r\n<\/ul>\r\n<\/li>\r\n<\/ul>\r\n<\/li>\r\n<\/ul>\r\n<\/li>\r\n<\/ul>\r\n<\/li>\r\n<\/ul>\r\n<\/li>\r\n<\/ul>\r\n<p><img class=\"aligncenter wp-image-503 size-large\" src=\"https:\/\/vinschueller.fr\/wp-content\/uploads\/2020\/12\/Riesling2018-300-593x1024.jpg\" alt=\"\" width=\"593\" height=\"1024\" \/><\/p>\r\n<p>\u00a0<\/p>\r\n<!-- \/wp:paragraph -->\r\n\r\n<!-- wp:paragraph -->\r\n<ul>\r\n<li style=\"list-style-type: none;\">\r\n<ul>\r\n<li style=\"list-style-type: none;\">\r\n<ul>\r\n<li style=\"list-style-type: none; text-align: left;\"><span style=\"font-size: 14pt; color: #000000;\"><strong>RIESLING D\u2019ALSACE<\/strong><\/span><\/li>\r\n<\/ul>\r\n<\/li>\r\n<\/ul>\r\n<\/li>\r\n<\/ul>\r\n<p><span style=\"color: #000000;\"><!-- \/wp:paragraph -->\r\n\r\n<!-- wp:paragraph --><\/span><\/p>\r\n<ul>\r\n<li style=\"list-style-type: none;\">\r\n<ul>\r\n<li style=\"list-style-type: none;\"><span style=\"color: #000000;\">Robe jaune p\u00e2le, reflets verts et brillants<\/span><\/li>\r\n<li style=\"list-style-type: none;\"><span style=\"color: #000000;\">Ar\u00f4mes de citron, pamplemousse, r\u00e9glisse, acacia, tilleul, avec des notes min\u00e9rales, de pierre \u00e0 fusil, voire p\u00e9trol\u00e9es<\/span><\/li>\r\n<li style=\"list-style-type: none;\"><span style=\"color: #000000;\">Structure serr\u00e9e, finale longue<\/span><\/li>\r\n<\/ul>\r\n<\/li>\r\n<\/ul>\r\n<p>\u00a0<\/p>\r\n<p><span style=\"color: #000000;\"><strong><em>UN VIN POUR LA GASTRONOMIE :<\/em><\/strong><\/span><\/p>\r\n<p style=\"padding-left: 80px;\"><span style=\"color: #000000;\">POISSONS, CRUSTAC\u00c9S,<\/span><br \/><span style=\"color: #000000;\">VIANDES BLANCHES, VOLAILLES,<\/span><br \/><span style=\"color: #000000;\">FROMAGES DE CH\u00c8VRE<\/span><\/p>\r\n<p><!-- \/wp:paragraph -->\r\n\r\n<!-- wp:heading {\"level\":1} \/-->\r\n\r\n<!-- wp:paragraph --><\/p>\r\n<p id=\"block-f0e04aee-ef74-493d-8f91-3c0260d7a502\">\u00a0<\/p>\r\n<p><!-- \/wp:paragraph --><\/p>","_et_gb_content_width":"","_monsterinsights_skip_tracking":false,"_monsterinsights_sitenote_active":false,"_monsterinsights_sitenote_note":"","_monsterinsights_sitenote_category":0,"footnotes":""},"class_list":["post-264","page","type-page","status-publish","hentry"],"aioseo_notices":[],"_links":{"self":[{"href":"https:\/\/vinschueller.fr\/index.php\/wp-json\/wp\/v2\/pages\/264","targetHints":{"allow":["GET"]}}],"collection":[{"href":"https:\/\/vinschueller.fr\/index.php\/wp-json\/wp\/v2\/pages"}],"about":[{"href":"https:\/\/vinschueller.fr\/index.php\/wp-json\/wp\/v2\/types\/page"}],"author":[{"embeddable":true,"href":"https:\/\/vinschueller.fr\/index.php\/wp-json\/wp\/v2\/users\/1"}],"replies":[{"embeddable":true,"href":"https:\/\/vinschueller.fr\/index.php\/wp-json\/wp\/v2\/comments?post=264"}],"version-history":[{"count":72,"href":"https:\/\/vinschueller.fr\/index.php\/wp-json\/wp\/v2\/pages\/264\/revisions"}],"predecessor-version":[{"id":1830,"href":"https:\/\/vinschueller.fr\/index.php\/wp-json\/wp\/v2\/pages\/264\/revisions\/1830"}],"up":[{"embeddable":true,"href":"https:\/\/vinschueller.fr\/index.php\/wp-json\/wp\/v2\/pages\/91"}],"wp:attachment":[{"href":"https:\/\/vinschueller.fr\/index.php\/wp-json\/wp\/v2\/media?parent=264"}],"curies":[{"name":"wp","href":"https:\/\/api.w.org\/{rel}","templated":true}]}}