{"id":16,"date":"2020-07-02T14:47:01","date_gmt":"2020-07-02T12:47:01","guid":{"rendered":"http:\/\/vinschueller.fr\/?page_id=16"},"modified":"2020-12-17T12:27:17","modified_gmt":"2020-12-17T11:27:17","slug":"mentions-legales","status":"publish","type":"page","link":"https:\/\/vinschueller.fr\/index.php\/mentions-legales\/","title":{"rendered":"Mentions l\u00e9gales"},"content":{"rendered":"<h3 style=\"text-align: center;\">Mentions l\u00e9gales et Conditions g\u00e9n\u00e9rales d&rsquo;utilisation<\/h3>\n<h4><\/h4>\n<h4>Article 1 : Les mentions l\u00e9gales<\/h4>\n<p>Le pr\u00e9sent site <a href=\"http:\/\/www.vinschueller.fr\">www.vinschueller.fr<\/a> est la propri\u00e9t\u00e9 de l&rsquo;entreprise <strong>SCHUELLER DIDIER<\/strong>, inscrite au R\u00e9pertoire des Entreprises et des Etablissements de Colmar 68000 et dont le si\u00e8ge est situ\u00e9<\/p>\n<blockquote><p>12 rue Roger Fr\u00e9meaux 68420 Voegtlinshoffen<br \/>\nT\u00e9l\u00e9phone 03 89 49 32 95<br \/>\nEmails : vinschuellerjeanetfils@orange.fr et contact@vinschueller.fr<br \/>\nSite internet : <a href=\"https:\/\/www.vinschueller.fr\">https:\/\/www.vinschueller.fr<\/a><\/p>\n<p>RCS num\u00e9ro 425142049<br \/>\nTVA intracommunautaire FR28425142049<\/p><\/blockquote>\n<p>L&rsquo;\u00e9tablissement de Voegtlinshoffen SIRET 425 142 049 00021 porte l&rsquo;enseigne <strong>SCHUELLER JEAN &amp; FILS<\/strong>. Son activit\u00e9 principale est la Culture de la vigne, APE 0121Z.<\/p>\n<p>Le Directeur de la publication du site est Monsieur Didier SCHUELLER, n\u00e9 le 27\/01\/1973 \u00e0 Colmar-68. Ce site est en conformit\u00e9 avec les dispositions de la loi du 6 janvier 1978 relative \u00e0 l&rsquo;informatique, aux fichiers et aux libert\u00e9s.<\/p>\n<p>L&rsquo;h\u00e9bergeur du site www.vinschueller.fr est la soci\u00e9t\u00e9 OVH, dont le si\u00e8ge social est situ\u00e9 au 2 rue Kellermann &#8211; 59100 Roubaix \u2013 France.<\/p>\n<h4>ARTICLE 2 : Acc\u00e8s au site<\/h4>\n<p>Le site <a href=\"http:\/\/www.vinschueller.fr\">www.vinschueller.fr<\/a> permet \u00e0 l&rsquo;Utilisateur un acc\u00e8s gratuit aux services suivants :<\/p>\n<ul>\n<li>site vitrine de l&rsquo;entreprise, son historique et son activit\u00e9.<\/li>\n<li>produits r\u00e9colt\u00e9s et commercialis\u00e9s. Tarif en cours. Bon de commande.<\/li>\n<\/ul>\n<p>Le site est accessible gratuitement en tout lieu \u00e0 tout Utilisateur ayant un acc\u00e8s \u00e0 Internet. Tous les frais support\u00e9s par l&rsquo;Utilisateur pour acc\u00e9der au service (mat\u00e9riel informatique, logiciels, connexion Internet, etc.) sont \u00e0 sa charge.<\/p>\n<h4>ARTICLE 3 : Collecte des donn\u00e9es<\/h4>\n<p>Le site assure<a href=\"http:\/\/www.vinschueller.fr\">www.vinschueller.fr<\/a> \u00e0 l&rsquo;Utilisateur une collecte et un traitement d&rsquo;informations personnelles dans le respect de la vie priv\u00e9e conform\u00e9ment \u00e0 la loi n\u00b078-17 du 6 janvier 1978 relative \u00e0 l&rsquo;informatique, aux fichiers et aux libert\u00e9s. Le site est d\u00e9clar\u00e9 \u00e0 la CNIL sous le num\u00e9ro<\/p>\n<p>En vertu de la loi Informatique et Libert\u00e9s, en date du 6 janvier 1978, l&rsquo;Utilisateur dispose d&rsquo;un droit d&rsquo;acc\u00e8s, de rectification, de suppression et d&rsquo;opposition de ses donn\u00e9es personnelles. L&rsquo;Utilisateur exerce ce droit :<\/p>\n<ul>\n<li>par mail \u00e0 l&rsquo;adresse mail <a href=\"mailto:contact@vinschueller.fr\"><em>contact@vinschueller.fr<\/em><\/a><\/li>\n<li>via le formulaire de contact du site<\/li>\n<\/ul>\n<h4>ARTICLE 4 : Propri\u00e9t\u00e9 intellectuelle<\/h4>\n<p>Les marques, logos, signes ainsi que tous les contenus du site (textes, images, son\u2026) font l&rsquo;objet d&rsquo;une protection par le Code de la propri\u00e9t\u00e9 intellectuelle et plus particuli\u00e8rement par le droit d&rsquo;auteur.<\/p>\n<p>La structure g\u00e9n\u00e9rale, ainsi que les textes, images anim\u00e9es ou non composant le site <a href=\"http:\/\/www.vinschueller.fr\">www.vinschueller.fr<\/a> sont la propri\u00e9t\u00e9 de l&rsquo;entreprise SCHUELLER DIDIER. Toute reproduction totale ou partielle de ce site est interdite sans autorisation expresse et pr\u00e9alable de l&rsquo;entreprise SCHUELLER DIDIER. Cette repr\u00e9sentation ou reproduction, par quelque proc\u00e9d\u00e9 que ce soit, constitue une contrefa\u00e7on sanctionn\u00e9e par les articles L.335-2 et suivants du Code de la propri\u00e9t\u00e9 intellectuelle. Les logos et les marques affich\u00e9s sur le site sont prot\u00e9g\u00e9s.<\/p>\n<p>L&rsquo;Utilisateur doit solliciter l&rsquo;autorisation pr\u00e9alable du site pour toute reproduction, publication, copie des diff\u00e9rents contenus. Il s&rsquo;engage \u00e0 une utilisation des contenus du site dans un cadre strictement priv\u00e9, toute utilisation \u00e0 des fins commerciales et publicitaires est strictement interdite.<\/p>\n<p>Toute repr\u00e9sentation totale ou partielle de ce site par quelque proc\u00e9d\u00e9 que ce soit, sans l\u2019autorisation expresse de l\u2019exploitant du site Internet constituerait une contrefa\u00e7on sanctionn\u00e9e par l\u2019article L 335-2 et suivants du Code de la propri\u00e9t\u00e9 intellectuelle.<\/p>\n<p>Il est rappel\u00e9 conform\u00e9ment \u00e0 l\u2019article L122-5 du Code de propri\u00e9t\u00e9 intellectuelle que l\u2019Utilisateur qui reproduit, copie ou publie le contenu prot\u00e9g\u00e9 doit citer l\u2019auteur et sa source.<\/p>\n<h4>ARTICLE 5 : Responsabilit\u00e9<\/h4>\n<p>Les sources des informations diffus\u00e9es sur le site <a href=\"http:\/\/www.vinschueller.fr\">www.vinschueller.fr<\/a> sont r\u00e9put\u00e9es fiables mais le site ne garantit pas qu\u2019il soit exempt de d\u00e9fauts, d\u2019erreurs ou d\u2019omissions.<\/p>\n<p>Les informations communiqu\u00e9es sont pr\u00e9sent\u00e9es \u00e0 titre indicatif et g\u00e9n\u00e9ral sans valeur contractuelle. Malgr\u00e9 des mises \u00e0 jour r\u00e9guli\u00e8res, le site <em>www.vinschueller.fr <\/em>ne peut \u00eatre tenu responsable de la modification des dispositions administratives et juridiques survenant apr\u00e8s la publication. De m\u00eame, le site ne peut \u00eatre tenue responsable de l\u2019utilisation et de l\u2019interpr\u00e9tation de l\u2019information contenue dans ce site.<\/p>\n<p>Le site <a href=\"http:\/\/www.vinschueller.fr\">www.vinschueller.fr<\/a><em>\u00a0<\/em>ne peut \u00eatre tenu pour responsable d\u2019\u00e9ventuels virus qui pourraient infecter l\u2019ordinateur ou tout mat\u00e9riel informatique de l\u2019Internaute, suite \u00e0 une utilisation, \u00e0 l\u2019acc\u00e8s, ou au t\u00e9l\u00e9chargement provenant de ce site.<\/p>\n<p>La responsabilit\u00e9 du site ne peut \u00eatre engag\u00e9e en cas de force majeure ou du fait impr\u00e9visible et insurmontable d&rsquo;un tiers.<\/p>\n<h4>ARTICLE 6 : Liens hypertextes<\/h4>\n<p>Des liens hypertextes peuvent \u00eatre pr\u00e9sents sur le site <a href=\"http:\/\/www.vinschueller.fr\">www.vinschueller.fr<\/a>. L\u2019Utilisateur est inform\u00e9 qu\u2019en cliquant sur ces liens, il sortira du site <em>www.vinschueller.fr.<\/em> Ce dernier n\u2019a pas de contr\u00f4le sur les pages web sur lesquelles aboutissent ces liens et ne saurait, en aucun cas, \u00eatre responsable de leur contenu.<\/p>\n<h4>ARTICLE 7 : Cookies<\/h4>\n<p>L\u2019Utilisateur est inform\u00e9 que lors de ses visites sur le site, un cookie peut s\u2019installer automatiquement sur son logiciel de navigation.<\/p>\n<p>Les cookies sont de petits fichiers stock\u00e9s temporairement sur le disque dur de l\u2019ordinateur de l\u2019Utilisateur par votre navigateur et qui sont n\u00e9cessaires \u00e0 l\u2019utilisation du site <em>www.vinschueller.fr<\/em>. Les cookies ne contiennent pas d\u2019information personnelle et ne peuvent pas \u00eatre utilis\u00e9s pour identifier quelqu\u2019un. Un cookie contient un identifiant unique, g\u00e9n\u00e9r\u00e9 al\u00e9atoirement et donc anonyme. Certains cookies expirent \u00e0 la fin de la visite de l\u2019Utilisateur, d\u2019autres restent.<\/p>\n<p>L\u2019information contenue dans les cookies est utilis\u00e9e pour am\u00e9liorer le site www.vinschueller.fr<\/p>\n<p>En naviguant sur le site <a href=\"http:\/\/www.vinschueller.fr\">www.vinschueller.fr<\/a>\u00a0L\u2019Utilisateur les accepte.<\/p>\n<p>L\u2019Utilisateur pourra d\u00e9sactiver ces cookies par l\u2019interm\u00e9diaire des param\u00e8tres figurant au sein de son logiciel de navigation.<\/p>\n<h4>ARTICLE 8 : Droit applicable et juridiction comp\u00e9tente<\/h4>\n<p>La l\u00e9gislation fran\u00e7aise s&rsquo;applique au pr\u00e9sent contrat. En cas d&rsquo;absence de r\u00e9solution amiable d&rsquo;un litige n\u00e9 entre les parties, les tribunaux fran\u00e7ais seront seuls comp\u00e9tents pour en conna\u00eetre.<\/p>\n<p>Pour toute question relative \u00e0 l\u2019application des pr\u00e9sentes, vous pouvez joindre l\u2019\u00e9diteur aux coordonn\u00e9es inscrites \u00e0 l\u2019ARTICLE 1.<\/p>\n<p style=\"text-align: right;\"><em>V20201215<\/em><\/p>\n<p style=\"text-align: center;\">&#8212;&#8212;&#8212;&#8212;&#8212;&#8212;&#8212;&#8212;&#8212;&#8212;&#8212;&#8212;&#8212;&#8212;&#8212;&#8212;&#8212;&#8212;<\/p>\n<p>&nbsp;<\/p>\n","protected":false},"excerpt":{"rendered":"<p>Mentions l\u00e9gales et Conditions g\u00e9n\u00e9rales d&rsquo;utilisation Article 1 : Les mentions l\u00e9gales Le pr\u00e9sent site www.vinschueller.fr est la propri\u00e9t\u00e9 de l&rsquo;entreprise SCHUELLER DIDIER, inscrite au R\u00e9pertoire des Entreprises et des Etablissements de Colmar 68000 et dont le si\u00e8ge est situ\u00e9 12 rue Roger Fr\u00e9meaux 68420 Voegtlinshoffen T\u00e9l\u00e9phone 03 89 49 32 95 Emails : vinschuellerjeanetfils@orange.fr [&hellip;]<\/p>\n","protected":false},"author":4,"featured_media":0,"parent":0,"menu_order":0,"comment_status":"closed","ping_status":"closed","template":"","meta":{"_et_pb_use_builder":"","_et_pb_old_content":"","_et_gb_content_width":"","_monsterinsights_skip_tracking":false,"_monsterinsights_sitenote_active":false,"_monsterinsights_sitenote_note":"","_monsterinsights_sitenote_category":0,"footnotes":""},"class_list":["post-16","page","type-page","status-publish","hentry"],"aioseo_notices":[],"_links":{"self":[{"href":"https:\/\/vinschueller.fr\/index.php\/wp-json\/wp\/v2\/pages\/16","targetHints":{"allow":["GET"]}}],"collection":[{"href":"https:\/\/vinschueller.fr\/index.php\/wp-json\/wp\/v2\/pages"}],"about":[{"href":"https:\/\/vinschueller.fr\/index.php\/wp-json\/wp\/v2\/types\/page"}],"author":[{"embeddable":true,"href":"https:\/\/vinschueller.fr\/index.php\/wp-json\/wp\/v2\/users\/4"}],"replies":[{"embeddable":true,"href":"https:\/\/vinschueller.fr\/index.php\/wp-json\/wp\/v2\/comments?post=16"}],"version-history":[{"count":10,"href":"https:\/\/vinschueller.fr\/index.php\/wp-json\/wp\/v2\/pages\/16\/revisions"}],"predecessor-version":[{"id":1559,"href":"https:\/\/vinschueller.fr\/index.php\/wp-json\/wp\/v2\/pages\/16\/revisions\/1559"}],"wp:attachment":[{"href":"https:\/\/vinschueller.fr\/index.php\/wp-json\/wp\/v2\/media?parent=16"}],"curies":[{"name":"wp","href":"https:\/\/api.w.org\/{rel}","templated":true}]}}